e r(2).
-18
Let r(q) = 10449*q - 125448. Determine r(12).
-60
Let m(u) = u**2 + 10839*u - 511637. Determine m(47).
5
Let m(t) = 789734*t - 9476800. What is m(12)?
8
Let n(x) = -4*x**2 - 954*x - 8980. Give n(-228).
596
Let k(r) = -38*r + 671. What is k(7)?
405
Let v(u) = -165*u - 1916. Determine v(-26).
2374
Let y(z) = -z**3 - 195*z**2 + 2698*z - 1244. Determine y(-208).
4
Let b(a) = 202*a - 162. Give b(13).
2464
Let t(k) = k**3 - 9*k**2 + 2*k + 277. Give t(0).
277
Let d(q) = q**3 + 119*q**2 + 3554*q + 1323. Give d(-57).
183
Let f(x) = -6*x**3 + 2017*x**2 - 319*x - 5719. Calculate f(336).
-7
Let b(l) = -50*l**2 + 196*l + 105. Determine b(-4).
-1479
Let j(x) = -19*x**3 + 18836*x + 18837. Determine j(-1).
20
Let z(x) = -103*x**3 - x**2 + 119*x - 117. Give z(1).
-102
Let s(z) = -19*z**3 + 52*z**2 - 9*z + 30. What is s(5)?
-1090
Let m(z) = 16370*z - 900891. What is m(55)?
-541
Let s(i) = 102*i**2 - 966*i - 2910. What is s(-3)?
906
Let u(q) = q**3 + 47*q**2 + 502*q + 16281. Give u(-44).
1
Let t(g) = g**3 - 43*g**2 - 239*g + 1. Determine t(48).
49
Let r(x) = -9946*x - 60206. Calculate r(-6).
-530
Let y(n) = -1596*n + 21201. Determine y(13).
453
Let o(n) = n**3 + 94*n**2 + 79*n - 446. Give o(-93).
856
Let y(g) = 7*g**2 + 35*g - 181. Give y(-11).
281
Let o(l) = 623*l**2 - 1923*l - 9. What is o(3)?
-171
Let h(p) = -p**3 + 439*p**2 + 10*p - 4370. Calculate h(439).
20
Let z(o) = -934*o**2 - 4673*o - 10. Give z(-5).
5
Let k(n) = -n**3 - 12*n**2 + 8073*n - 791. Determine k(84).
-35
Let p(f) = 2015*f - 60452. What is p(30)?
-2
Let k(j) = -128863*j - 644362. What is k(-5)?
-47
Let w(q) = 50*q - 10464. Calculate w(209).
-14
Let m(a) = -1260*a**2 - 5033*a + 3. Determine m(-4).
-25
Let v(x) = -569*x + 196487. Give v(344).
751
Let s(q) = -1696*q - 116892. What is s(-69)?
132
Let l(h) = 3*h**3 - 221*h**2 + 2190*h + 50. Give l(12).
-310
Let u(g) = -60030*g - 180088. What is u(-3)?
2
Let o(s) = -46683*s - 4901710. Calculate o(-105).
5
Let a(y) = 3567*y + 3589. What is a(-1)?
22
Let c(f) = 169637*f + 169638. What is c(-1)?
1
Let o(s) = -s**3 - 77*s**2 - 83*s - 523. Determine o(-76).
9
Let h(j) = -j**3 + 639*j**2 - 6923*j + 5. Determine h(11).
-160
Let r(t) = 627*t - 359264. Determine r(573).
7
Let s(v) = 2*v**3 + 59*v**2 + 112*v + 2425. What is s(-29)?
18
Let h(o) = 6*o**3 - 114*o**2 + 46*o - 56. What is h(19)?
818
Let x(l) = 2*l**3 - 43*l**2 + 158*l - 81. Determine x(17).
4
Let m(c) = -13*c**3 + 3104*c**2 + 718*c - 217. Calculate m(239).
22
Let r(k) = 9*k**2 + 1476*k - 24207. What is r(15)?
-42
Let o(q) = -43*q + 1766. What is o(52)?
-470
Let j(k) = 14*k**3 - 1996*k**2 + 68112*k + 2. What is j(86)?
2
Let w(l) = 10*l**3 - 1668*l**2 - 375*l + 6844. Determine w(167).
-3
Let x(y) = 13*y**2 - 1438*y + 8553. What is x(6)?
393
Let x(i) = 35*i**2 - 227*i + 920. What is x(4)?
572
Let b(o) = 645*o - 5012. Determine b(8).
148
Let q(b) = -13*b**2 - 3397*b + 23890. Calculate q(7).
-526
Let a(w) = w**2 - 20183*w + 362997. What is a(18)?
27
Let x(d) = -10*d**2 + 988*d + 11112. Give x(109).
-6
Let t(a) = 8*a**2 + 155*a + 107. Give t(-28).
2039
Let o(k) = 1127*k + 48581. Calculate o(-43).
120
Let h(k) = -438*k**2 + 527*k + 8313. What is h(5)?
-2
Let h(b) = -b**3 - 6*b**2 + 124*b - 276. Calculate h(-15).
-111
Let b(i) = 523136*i - 3. Determine b(0).
-3
Let o(y) = -y**3 - 40*y**2 - 393*y - 40. Give o(-19).
-154
Let y(b) = 7722*b - 185314. Determine y(24).
14
Let g(n) = 2382*n - 131002. Calculate g(55).
8
Let z(g) = -3530*g**3 + 3*g**2 + 151*g + 149. Give z(-1).
3531
Let q(w) = -w**3 + 246*w**2 - 3362*w + 26508. Give q(232).
60
Let g(z) = -89*z**2 - 653*z + 25535. Determine g(-21).
-1
Let b(k) = -4192*k - 21187. Determine b(-5).
-227
Let w(t) = 7*t**2 - 5165*t + 453423. Determine w(636).
-45
Let k(u) = -1360*u**2 + 1786*u - 46. Calculate k(1).
380
Let q(l) = 2789*l - 995666. Calculate q(357).
7
Let k(d) = -274*d + 6373. Calculate k(22).
345
Let a(d) = d**2 - 2621*d - 255226. Calculate a(-94).
-16
Let r(i) = 189*i**3 - 1702*i**2 - 125*i + 1236. What is r(9)?
30
Let h(z) = -8565*z + 6449447. Determine h(753).
2
Let v(n) = -93*n**2 - 1255*n + 28452. Determine v(12).
0
Let a(j) = 1653*j - 165198. What is a(100)?
102
Let z(x) = -2*x**2 + 23*x + 2067. Give z(37).
180
Let w(q) = -149*q**2 - 889*q + 299. Calculate w(-6).
269
Let r(x) = -x**3 + 1507*x**2 + 19793*x - 50178. What is r(1520)?
-18
Let g(k) = -k**2 + 2382*k + 35963. Determine g(-15).
8
Let f(a) = -45036*a - 1080896. Determine f(-24).
-32
Let l(y) = 2*y**3 + 703*y**2 + 3498*y + 19. What is l(-5)?
-146
Let y(c) = -2619*c - 39841. Calculate y(-15).
-556
Let t(i) = -i**3 + 19*i**2 + 1550*i + 110. Determine t(50).
110
Let l(r) = -14*r**2 + 348*r + 75. Determine l(25).
25
Let y(c) = -c**3 - 27*c**2 + 1805*c + 24. What is y(-58)?
-382
Let v(r) = -116878*r + 11570905. What is v(99)?
-17
Let r(t) = -t**3 - 46*t**2 + 42*t - 61. What is r(-47)?
174
Let f(m) = 2*m**2 - 8503*m + 33995. Calculate f(4).
15
Let c(f) = 31892*f + 1052435. Determine c(-33).
-1
Let j(m) = -22*m**3 - 316*m**2 + 942*m - 799. What is j(-17)?
-51
Let u(c) = c**3 + 28*c**2 + 12*c + 86. Calculate u(0).
86
Let c(s) = -s**3 + 13*s**2 - 4223*s + 37682. Calculate c(9).
-1
Let s(n) = 170*n**2 + 1111*n + 2222. What is s(-2)?
680
Let s(c) = -c**3 - 259*c**2 + 1080*c - 105. Calculate s(4).
7
Let o(h) = -h**3 - 676*h**2 - 24277*h - 1237. Calculate o(-38).
17
Let a(b) = -10*b**2 - 1404*b + 12807. What is a(-149)?
-7
Let r(s) = s**2 - 111*s + 651. What is r(9)?
-267
Let j(k) = -46*k**3 + 22*k**2 + 19*k - 3. What is j(-1)?
46
Let s(v) = -3*v**2 + 967*v - 11159. Give s(12).
13
Let d(n) = -n**3 - 14*n**2 - 10*n - 14. Give d(-18).
1462
Let a(r) = -26*r**2 - 226*r + 586. Give a(-12).
-446
Let y(k) = -8*k**3 + 10*k**2 - 5*k + 32. Calculate y(6).
-1366
Let t(j) = -144*j + 431. What is t(9)?
-865
Let h(q) = -q**3 + 255*q**2 - 735*q - 5282. What is h(252)?
10
Let n(d) = 1375*d + 14774. What is n(-13)?
-3101
Let n(o) = 33*o**3 - 36*o**2 - 1071*o - 1038. Determine n(-1).
-36
Let c(s) = s**2 + 1491*s + 35991. Give c(-25).
-659
Let x(o) = 695*o + 335630. Give x(-483).
-55
Let z(f) = -4*f**2 - 1668*f - 11620. What is z(-7)?
-140
Let l(k) = -582*k + 4603. Calculate l(8).
-53
Let h(s) = 6*s**2 - 239*s + 313. Determine h(4).
-547
Let b(w) = -2*w**2 - 1464*w + 4357. Determine b(3).
-53
Let p(v) = v**3 + 42*v**2 + 246*v - 6336. What is p(9)?
9
Let l(f) = -2*f**3 + 477*f**2 + 180*f + 14156. Give l(239).
55
Let d(a) = 111428*a - 13928508. Give d(125).
-8
Let f(j) = 1908541*j - 1908542. Give f(1).
-1
Let o(p) = 230*p + 8057. Calculate o(-24).
2537
Let s(i) = i**3 + 98*i**2 + 588*i + 1828. Determine s(-92).
-1484
Let s(t) = 15683*t - 78519. What is s(5)?
-104
Let d(w) = 3*w**3 + 2*w**2 - 177*w - 610. Give d(-4).
-62
Let h(i) = -i**2 - 120*i - 2863. Give h(-92).
-287
Let c(v) = 2*v**2 + 1490*v + 4490. Determine c(-3).
38
Let j(i) = 70*i**2 + 741*i + 91. Give j(-10).
-319
Let o(w) = 3982*w + 891966. Determine o(-224).
-2
Let u(p) = 2*p**2 - 2000*p + 342076. Calculate u(219).
-2
Let i(b) = -10284*b - 2787043. Give i(-271).
-79
Let o(u) = u**2 + 85*u - 8226. Determine o(56).
-330
Let q(m) = -m**2 - 228*m + 1725. What is q(-235)?
80
Let w(l) = 16*l**3 - 2261*l**2 + 633*l + 10152. Determine w(141).
0
Let k(j) = -1232*j + 9587. What is k(8)?
-269
Let p(o) = -o**3 - 52*o**2 + 509*o + 39645. Calculate p(-39).
21
Let u(i) = -8*i**2 + 2065*i + 10281. What is u(263)?
24
Let r(i) = -235093*i + 4701896. Calculate r(20).
36
Let t(m) = -868*m - 27700. Determine t(-31).
-792
Let i(v) = v**3 + 133*v**2 - 1740*v - 22472. Calculate i(-144).
-8
Let p(r) = 147*r**3 - 2*r**2 - 339*r + 694. What is p(2)?
1184
Let z(s) = 109605*s - 1644053. Determine z(15).
22
Let w(f) = -549*f - 323356. Determine w(-589).
5
Let k(i) = 5*i**3 - 25*i**2 - 210*i + 236. Determine k(1).
6
Let h(p) = 158*p**2 - 277*p - 278. Calculate h(-1).
157
Let c(f) = 9*f**2 + 351*f + 2227. Give c(-8).
-5
Let m(p) = -5008*p - 235349. Calculate m(-47).
27
Let f(j) = -j**2 + 27*j + 1. What is f(18)?
163
Let i(l) = -l**3 + 27*l**2 + 53*l - 19. Determine i(29).
-164
Let d(j) = -j**3 - 164*j**2 - 3006*j - 440. What is d(-143)?
-11
Let a(f) = 45*f + 8144. Determine a(-152).
1304
Let a(p) = -4*p**2 + 85*p - 484. Calculate a(27).
-1105
Let w(f) = f**2 - 10793*f - 162072